466*q - 1810338. Give y(-93).
0
Let z(m) = -634*m + 101450. Determine z(160).
10
Let p(l) = -l**3 + 94*l**2 - 458*l + 52. Calculate p(5).
-13
Let v(x) = -7*x**2 - 2607*x - 3692. Give v(-371).
18
Let u(l) = 61*l**2 + 452*l - 964. Give u(2).
184
Let h(a) = -a**2 - 17334*a + 2252732. Calculate h(129).
5
Let j(m) = -772*m**2 - 12451*m - 12452. Determine j(-1).
-773
Let h(g) = 100*g - 14119. Calculate h(141).
-19
Let w(a) = -2*a**3 + 65*a**2 + 76*a - 8099. What is w(29)?
-8
Let x(y) = y**3 - 21*y**2 + 88*y - 1114. Give x(20).
246
Let v(g) = -7515*g - 67570. Calculate v(-9).
65
Let b(d) = 2*d**3 - 47*d**2 - 50*d + 122. Give b(24).
-502
Let q(x) = -77*x + 265. Determine q(14).
-813
Let z(m) = 32333*m - 32378. Calculate z(1).
-45
Let k(g) = -g**3 + 465*g**2 - 12657*g + 148. What is k(29)?
-229
Let n(h) = 1018*h + 197741. Calculate n(-194).
249
Let g(l) = l**2 - 731*l + 27645. What is g(40)?
5
Let c(g) = g**2 - 1357*g - 134855. What is c(-93)?
-5
Let k(a) = a**3 - 26*a**2 + 55*a + 25. Give k(23).
-297
Let w(j) = -j**2 - 61*j + 5573. What is w(47)?
497
Let r(y) = -y**3 + 614*y**2 + 21348*y - 108. Calculate r(-33).
-9
Let k(t) = t**2 + 91614*t + 3479891. What is k(-38)?
3
Let v(t) = 267*t**2 + 1954*t + 97. Calculate v(-7).
-498
Let w(h) = -2*h**2 + 78*h + 90. Determine w(31).
586
Let x(o) = o**2 - 61*o - 1145. What is x(-19)?
375
Let s(j) = 20*j + 1981. Calculate s(-66).
661
Let r(w) = 2*w**3 + 44*w**2 + 114*w - 1363. What is r(-8)?
-483
Let r(o) = o**3 - 228*o**2 + 198*o + 1001. Give r(227).
-5582
Let a(h) = 623*h**2 + 3661*h - 456. What is a(-6)?
6
Let a(o) = o**3 - 103*o**2 - 185*o + 8440. Determine a(104).
16
Let p(k) = 88*k + 16630. What is p(-181)?
702
Let o(r) = 11*r**2 + 1381*r - 626. Determine o(-126).
4
Let v(s) = -s**2 - 450*s + 11153. Calculate v(29).
-2738
Let c(f) = -f**3 - 259*f**2 - 564*f - 13210. Calculate c(-257).
-360
Let q(c) = 138*c - 1338. Calculate q(12).
318
Let s(o) = -305*o**2 - 816*o - 3. Determine s(-3).
-300
Let i(o) = 21531*o - 85966. What is i(4)?
158
Let m(q) = -38*q**2 + 14136*q + 57133. What is m(376)?
-19
Let r(a) = 23*a**2 + 1699*a + 39. What is r(-73)?
-1421
Let t(i) = 5*i**2 + 2020*i - 135. What is t(-404)?
-135
Let g(l) = -190704*l + 42526994. Determine g(223).
2
Let n(m) = -m**3 + 57*m**2 - 77*m + 499. Give n(56).
-677
Let j(y) = -623578*y - 623579. Calculate j(-1).
-1
Let u(p) = 7001*p - 83967. Calculate u(12).
45
Let s(j) = -91175*j - 364646. What is s(-4)?
54
Let h(j) = -j**2 + 781*j - 111482. Give h(188).
2
Let a(u) = -4*u**2 - 326*u - 164. Give a(-81).
-2
Let m(g) = 9992*g**2 + 30004*g + 73. Determine m(-3).
-11
Let v(w) = 548*w - 6525. What is v(12)?
51
Let n(q) = -179309*q + 7172362. Give n(40).
2
Let b(f) = -163169*f + 815831. Calculate b(5).
-14
Let b(p) = p**3 - 138*p**2 + 326*p + 10651. Calculate b(135).
-14
Let b(z) = 19*z**2 - 365*z + 226. What is b(18)?
-188
Let a(g) = -g**3 - 80*g**2 - 318*g - 979. Calculate a(-76).
85
Let q(j) = 472*j - 80710. Determine q(171).
2
Let n(m) = -1847*m + 17593. Give n(9).
970
Let i(c) = 39217*c - 431515. Calculate i(11).
-128
Let d(b) = -b**3 - 6*b**2 + 21*b - 122. What is d(8)?
-850
Let o(p) = 883*p - 8782. What is o(7)?
-2601
Let c(p) = 13*p**2 + 151*p + 64. Calculate c(0).
64
Let f(n) = -90*n**3 + 28978*n**2 + 713*n - 22215. Give f(322).
3
Let p(m) = m**2 + 13481*m + 26981. Calculate p(-2).
23
Let k(a) = 2*a**2 - 33829*a - 67661. Give k(-2).
5
Let k(u) = -7*u**3 + 60*u**2 + 15405*u - 138386. Give k(9).
16
Let h(w) = w**2 + 739*w + 43851. What is h(-65)?
41
Let w(o) = 14*o - 102. Determine w(-3).
-144
Let r(m) = -m**3 - 148*m**2 - 824*m + 4619. What is r(-142)?
643
Let b(h) = -59*h**2 - 4634*h + 822. Determine b(-79).
-1311
Let t(l) = 2250*l - 510652. What is t(227)?
98
Let i(u) = -u**3 - 29*u**2 + 208*u + 382. What is i(-35)?
452
Let q(h) = -h**2 - 217*h - 11622. Give q(-95).
-32
Let v(l) = 26*l**2 - 1913*l - 829. Calculate v(74).
-15
Let x(j) = -3*j**2 + 307*j - 7903. Determine x(53).
-59
Let s(d) = -10*d**3 - 101*d**2 + 585*d - 73. Give s(6).
-2359
Let v(o) = -90*o**2 + 1637*o + 8202. Calculate v(-5).
-2233
Let q(a) = -a**3 + 40*a**2 - 206*a + 5948. What is q(38)?
1008
Let p(u) = 22938*u - 4243531. Give p(185).
-1
Let l(x) = 518*x**2 - 20728*x + 312. Calculate l(40).
-8
Let w(r) = -r**3 + 265*r**2 - 1240*r - 1889. Give w(6).
-5
Let m(j) = -125*j - 29875. Determine m(-239).
0
Let s(z) = 1515*z + 75829. Give s(-50).
79
Let o(h) = 34210*h - 992152. Determine o(29).
-62
Let l(d) = -11*d**3 - 108*d**2 - 8*d + 109. What is l(-12)?
3661
Let o(m) = 640*m**2 + 13*m - 17. Give o(-2).
2517
Let s(a) = 478311*a + 6218078. Calculate s(-13).
35
Let f(c) = -c**3 - 8*c**2 - 9475*c - 133825. What is f(-14)?
1
Let u(x) = -2281*x + 9165. Give u(4).
41
Let y(u) = -54*u - 22321. Calculate y(-413).
-19
Let b(l) = 2*l**3 + 23*l**2 - 47*l - 277. Determine b(-13).
-173
Let y(c) = 27*c**2 - 1888*c + 7136. Calculate y(4).
16
Let s(x) = -105678*x - 3170280. Give s(-30).
60
Let b(u) = -102481*u - 1844660. Give b(-18).
-2
Let x(j) = 399*j - 9939. Calculate x(29).
1632
Let v(q) = 1397*q - 18383. Give v(15).
2572
Let k(z) = -126*z**3 - 471*z**2 + 147*z + 66. What is k(-4)?
6
Let v(y) = 4464*y - 425. Give v(0).
-425
Let n(r) = -640854*r - 1281710. Determine n(-2).
-2
Let u(z) = 1853*z - 103779. Give u(56).
-11
Let b(d) = 21918*d - 5567203. Determine b(254).
-31
Let t(m) = -m**3 - 20*m**2 + 144*m + 299. Determine t(7).
-16
Let h(f) = 1301*f + 306808. Calculate h(-237).
-1529
Let b(n) = -9*n**2 + 7596*n + 30397. Determine b(-4).
-131
Let l(q) = -6*q**2 - 131*q - 298. Give l(-13).
391
Let m(q) = q**2 - 90*q - 894. Give m(-16).
802
Let x(w) = 109*w**2 + 2732*w + 7157. Give x(-3).
-58
Let j(u) = u**3 - 13*u**2 - 776*u + 8065. Determine j(10).
5
Let z(q) = q**3 + 4*q**2 - 1326*q - 3962. Determine z(-3).
25
Let v(x) = -6*x**2 - 64*x + 3081. Give v(18).
-15
Let d(k) = -3591*k + 229829. Give d(64).
5
Let z(h) = -h**3 - 81*h**2 + 713*h + 15. What is z(-89)?
-74
Let j(x) = 362*x**3 - 6*x**2 + x + 6. Give j(-1).
-363
Let w(x) = 9*x**2 + 2813*x - 1559. Give w(-313).
-307
Let f(n) = 1213*n**2 - 72780*n - 14. What is f(60)?
-14
Let b(u) = u**2 - 6249*u - 1510298. Determine b(-233).
8
Let b(l) = 2*l**2 - 198*l + 1109. Calculate b(72).
-2779
Let i(s) = 5*s**2 + 173*s + 262. Give i(-35).
332
Let h(f) = -5*f**2 - 569*f - 4879. Determine h(-9).
-163
Let d(v) = -v**2 - 86*v + 1115. Give d(23).
-1392
Let s(i) = 4940*i + 1842614. Give s(-373).
-6
Let m(w) = -738*w - 7261. Give m(-10).
119
Let t(a) = a**3 + 45*a**2 + 453*a - 28. Determine t(-16).
148
Let n(x) = -757*x + 55215. What is n(73)?
-46
Let s(b) = 2*b**3 + 202*b**2 + 24*b + 2724. Calculate s(-101).
300
Let c(g) = 11*g**2 + 182*g + 279. Calculate c(-17).
364
Let f(y) = -2*y**3 - 376*y**2 - 2925*y - 23. Calculate f(-8).
337
Let n(v) = -11*v**2 + 651464*v - 651462. Determine n(1).
-9
Let z(s) = -3747*s**3 - 3*s**2 - 224*s + 225. Determine z(1).
-3749
Let f(t) = 2*t**3 - 779*t**2 - 3155*t + 468434. Calculate f(392).
-6
Let p(r) = 7483*r - 3262599. What is p(436)?
-11
Let p(o) = -2*o**3 - 53*o**2 - 12449*o - 49019. Calculate p(-4).
57
Let a(v) = 46*v - 6745. What is a(147)?
17
Let w(j) = j**3 + 113*j**2 - 1495*j + 599. Calculate w(-125).
-26
Let u(j) = -j**2 + 66790*j + 6555016. Determine u(-98).
-8
Let t(m) = -m**3 + 111*m**2 - 98*m + 94. Calculate t(110).
1414
Let i(a) = a**2 - 325475*a + 1627358. What is i(5)?
8
Let s(n) = 17*n**3 + 12*n**2 + 63*n + 216. Calculate s(-6).
-3402
Let s(i) = -11772*i + 1236068. What is s(105)?
8
Let m(f) = -14526*f - 87567. Determine m(-6).
-411
Let g(y) = -y**3 + 98*y**2 - 2402*y + 146. Calculate g(50).
46
Let k(c) = 12*c**2 + 8*c + 305. Give k(9).
1349
Let t(r) = -9*r**2 + 721*r - 114. Determine t(80).
-34
Let v(k) = 2*k**3 - 40*k**2 + 1045*k - 19113. Give v(19).
20
Let a(i) = 12*i**2 - 3641*i - 22304. Determine a(-6).
-26
Let a(p) = 1057*p + 4508. Calculate a(-4).
280
Let z(s) = 307*s**3 + 1841*s**2 - 3*s + 23. Calculate z(-6).
5
Let w(i) = i**2 + 13*i - 3466. What is w(-65)?
-86
Let u(r) = -19*r**2 - 3*r + 41. What is u(5)?
-449
Let p(h) = 13334*h + 333390. Calculate p(-25).
40
Let n(v) = -2*v**3 - 23*v**2 + 45*v - 408. Determine n(-14).
-58
Let u(h) = -17444*h + 348882. Give u(20).
2
Let z(f) = -7*f**3 + 744*f**2 - 192*f - 18